{"id":115,"date":"2016-07-26T12:31:16","date_gmt":"2016-07-26T10:31:16","guid":{"rendered":"http:\/\/www.becker-medsolutions.eu\/med\/?page_id=115"},"modified":"2026-03-03T18:24:14","modified_gmt":"2026-03-03T17:24:14","slug":"teamentwicklung","status":"publish","type":"page","link":"https:\/\/www.becker-medsolutions.eu\/med\/teamentwicklung\/","title":{"rendered":"Teamentwicklung"},"content":{"rendered":"\n<style type=\"text\/css\" data-created_by=\"avia_inline_auto\" id=\"style-css-av-17ld03-e117966885c13841697d24f358dfc04a\">\n.avia-image-container.av-17ld03-e117966885c13841697d24f358dfc04a .av-image-caption-overlay-center{\ncolor:#ffffff;\n}\n<\/style>\n<div  class='avia-image-container av-17ld03-e117966885c13841697d24f358dfc04a av-styling-no-styling avia-align-center  avia-builder-el-0  el_before_av_hr  avia-builder-el-first '  itemprop=\"image\" itemscope=\"itemscope\" itemtype=\"https:\/\/schema.org\/ImageObject\" ><div class=\"avia-image-container-inner\"><div class=\"avia-image-overlay-wrap\"><img decoding=\"async\" class='wp-image-2999 avia-img-lazy-loading-not-2999 avia_image' src=\"https:\/\/www.becker-medsolutions.eu\/med\/wp-content\/uploads\/teamentwicklung.jpg\" alt='' title='teamentwicklung'  height=\"430\" width=\"1500\"  itemprop=\"thumbnailUrl\" srcset=\"https:\/\/www.becker-medsolutions.eu\/med\/wp-content\/uploads\/teamentwicklung.jpg 1500w, https:\/\/www.becker-medsolutions.eu\/med\/wp-content\/uploads\/teamentwicklung-300x86.jpg 300w, https:\/\/www.becker-medsolutions.eu\/med\/wp-content\/uploads\/teamentwicklung-1030x295.jpg 1030w, https:\/\/www.becker-medsolutions.eu\/med\/wp-content\/uploads\/teamentwicklung-768x220.jpg 768w, https:\/\/www.becker-medsolutions.eu\/med\/wp-content\/uploads\/teamentwicklung-705x202.jpg 705w, https:\/\/www.becker-medsolutions.eu\/med\/wp-content\/uploads\/teamentwicklung-350x100.jpg 350w\" sizes=\"(max-width: 1500px) 100vw, 1500px\" \/><\/div><\/div><\/div>\n\n<style type=\"text\/css\" data-created_by=\"avia_inline_auto\" id=\"style-css-av-15gstv-ce5bb3a763e65ce79cb7c7f0b81b2580\">\n#top .hr.hr-invisible.av-15gstv-ce5bb3a763e65ce79cb7c7f0b81b2580{\nheight:50px;\n}\n<\/style>\n<div  class='hr av-15gstv-ce5bb3a763e65ce79cb7c7f0b81b2580 hr-invisible  avia-builder-el-1  el_after_av_image  el_before_av_one_third '><span class='hr-inner '><span class=\"hr-inner-style\"><\/span><\/span><\/div>\n\n<style type=\"text\/css\" data-created_by=\"avia_inline_auto\" id=\"style-css-av-vzu4z-45a568363bba14cf42470954a1c3f6d6\">\n.flex_column.av-vzu4z-45a568363bba14cf42470954a1c3f6d6{\nborder-radius:0px 0px 0px 0px;\n-webkit-border-radius:0px 0px 0px 0px;\n-moz-border-radius:0px 0px 0px 0px;\npadding:20px 20px 20px 20px;\nbackground-color:#f5f5f5;\n}\n<\/style>\n<div class='flex_column av-vzu4z-45a568363bba14cf42470954a1c3f6d6 av_one_third  avia-builder-el-2  el_after_av_hr  el_before_av_two_third  first flex_column_div '   ><section  class='av_textblock_section av-tddob-78daf2699a805354628d5d30f5216c2c'  itemscope=\"itemscope\" itemtype=\"https:\/\/schema.org\/CreativeWork\" ><div class='avia_textblock'  itemprop=\"text\" ><h2>Kontakt<\/h2>\n<p>F\u00fcr weitere Informationen stehe ich Ihnen sehr gerne zur Verf\u00fcgung.<\/p>\n<p><img loading=\"lazy\" decoding=\"async\" class=\"alignnone size-large wp-image-307\" src=\"https:\/\/www.becker-medsolutions.eu\/med\/wp-content\/uploads\/Niki-Becker-1-f\u00fcr-Personalentwicklung-Kontakt-1024x739.jpg\" alt=\"Niki Becker 1 f\u00fcr Personalentwicklung Kontakt\" width=\"1024\" height=\"739\" srcset=\"https:\/\/www.becker-medsolutions.eu\/med\/wp-content\/uploads\/Niki-Becker-1-f\u00fcr-Personalentwicklung-Kontakt-1024x739.jpg 1024w, https:\/\/www.becker-medsolutions.eu\/med\/wp-content\/uploads\/Niki-Becker-1-f\u00fcr-Personalentwicklung-Kontakt-300x217.jpg 300w, https:\/\/www.becker-medsolutions.eu\/med\/wp-content\/uploads\/Niki-Becker-1-f\u00fcr-Personalentwicklung-Kontakt-768x555.jpg 768w, https:\/\/www.becker-medsolutions.eu\/med\/wp-content\/uploads\/Niki-Becker-1-f\u00fcr-Personalentwicklung-Kontakt-1500x1083.jpg 1500w, https:\/\/www.becker-medsolutions.eu\/med\/wp-content\/uploads\/Niki-Becker-1-f\u00fcr-Personalentwicklung-Kontakt-705x509.jpg 705w, https:\/\/www.becker-medsolutions.eu\/med\/wp-content\/uploads\/Niki-Becker-1-f\u00fcr-Personalentwicklung-Kontakt-450x325.jpg 450w\" sizes=\"auto, (max-width: 1024px) 100vw, 1024px\" \/><\/p>\n<p><strong>Nikolaus Becker, MSc<\/strong><\/p>\n<p>Telefon: <span class=\"ff2 cf3 fs22\">+43 (0)1-<wbr \/>96 60 210<\/span><br \/>\nMobil: +43 (0) 664 3868000<\/p>\n<div  class='avia-button-wrap avia-button-left  avia-builder-el-4  avia-builder-el-no-sibling ' ><a href='mailto:mailto:nbecker@becker-medsolutions.eu' class='avia-button av-kkxp7-6522ceebe70495190ddf58a64fcfdcca avia-icon_select-no avia-size-small avia-position-left avia-color-theme-color' target=\"_blank\" rel=\"noopener noreferrer\"><span class='avia_iconbox_title' >E-Mail<\/span><\/a><\/div>\n<\/div><\/section><\/div>\n\n<style type=\"text\/css\" data-created_by=\"avia_inline_auto\" id=\"style-css-av-habmz-a15c12dbdb98385d26606c941e4ba196\">\n.flex_column.av-habmz-a15c12dbdb98385d26606c941e4ba196{\nborder-radius:0px 0px 0px 0px;\n-webkit-border-radius:0px 0px 0px 0px;\n-moz-border-radius:0px 0px 0px 0px;\n}\n<\/style>\n<div class='flex_column av-habmz-a15c12dbdb98385d26606c941e4ba196 av_two_third  avia-builder-el-5  el_after_av_one_third  avia-builder-el-last  flex_column_div av-zero-column-padding '   ><section  class='av_textblock_section av-7wg23-12f4fd8355dd45b2f67a3eb1487e1ba5'  itemscope=\"itemscope\" itemtype=\"https:\/\/schema.org\/CreativeWork\" ><div class='avia_textblock'  itemprop=\"text\" ><h1>Teamentwicklung und Teambuilding<\/h1>\n<p>Jedes Team durchl\u00e4uft beginnend von Forming bis hin zu Performing mehrere Phasen (Tuckman).<\/p>\n<p>Gleichzeitig pr\u00e4gen sich verschiedenste Rollen innerhalb eines Teams aus (Raoul Schindler):<\/p>\n<p><img loading=\"lazy\" decoding=\"async\" class=\"alignnone wp-image-118 size-full\" src=\"https:\/\/www.becker-medsolutions.eu\/med\/wp-content\/uploads\/rangdynamik-raoul-schindler.jpg\" alt=\"rangdynamik-raoul-schindler\" width=\"635\" height=\"228\" srcset=\"https:\/\/www.becker-medsolutions.eu\/med\/wp-content\/uploads\/rangdynamik-raoul-schindler.jpg 635w, https:\/\/www.becker-medsolutions.eu\/med\/wp-content\/uploads\/rangdynamik-raoul-schindler-300x108.jpg 300w, https:\/\/www.becker-medsolutions.eu\/med\/wp-content\/uploads\/rangdynamik-raoul-schindler-450x162.jpg 450w\" sizes=\"auto, (max-width: 635px) 100vw, 635px\" \/><\/p>\n<p>Nur unter der Rahmenbedingung einer klar formulierten Zielsetzung und des Comittments jedes Teammitgliedes hin zu dieser Zielsetzung, kann ein Team \u00fcberhaupt das Stadium &#8222;Performing&#8220; erreichen. Schlagkr\u00e4ftige Organisationen setzen vermehrt auf schlagkr\u00e4ftige Teams. \u00a0Jedoch ist der Prozess hin zu einem schlagkr\u00e4ftigen und erfolgreichen Team \u00a0allzuoft ein \u00e4u\u00dferst komplexer und herausfordernder.<\/p>\n<p>Mit Becker: Medical Human Solutions als Ihrem Partner in Teamentwicklungen werden konkrete Ma\u00dfnahmen und Aktionspl\u00e4ne im Zuge der Seminare erarbeitet. Mittels eines jeweils methodisch individuellen Ansatzes wird eine effektive Balance zwischen Erlebniselementen, einem Rahmen f\u00fcr strukturierten Austausch und konkreter Aktionspl\u00e4ne gesetzt. Mit der Zielsetzung Teams zu \u00a0&#8222;Performing&#8220; (Tuckman) hinzuf\u00fchren.<\/p>\n<h2>\u00dcberblick \u00fcber unsere Schwerpunkte und Herangehensweise<\/h2>\n<p><strong>Ziele in der Teamentwicklung<\/strong><\/p>\n<ul>\n<li>das Bewusstsein f\u00fcr verteilte Rollen im Team sch\u00e4rfen<\/li>\n<li>Widerstand erkennen und wissen wie man damit umgeht<\/li>\n<li>bearbeiten von Kommunikationsproblemen innerhalb des Teams<\/li>\n<li>Umgang und Bearbeitung von Konflikten<\/li>\n<li>St\u00e4rkung der Zusammenarbeit im Team oder wenn Sie die sozialen Kompetenzen der einzelnen Teammitglieder erweitern wollen<\/li>\n<\/ul>\n<p><strong>Inhalte<\/strong><\/p>\n<ul>\n<li>Erh\u00f6hung der Leistungsf\u00e4higkeit und der Effizienz des Teams<\/li>\n<li>Kl\u00e4rung von Aufgaben Rollen- und Funktionsverteilungen \u2013 Ist das Team optimal besetzt? Wer hat welche Aufgaben, Pflichten und Rechte?<\/li>\n<li>Optimierung von Strukturen und Arbeitsabl\u00e4ufen<\/li>\n<li>Kl\u00e4rung von Schnittstellenzusammenarbeit \u2013 Gestaltung des Informationsaustausch und der pers\u00f6nliche Zusammenarbeit<\/li>\n<li>Toleranz gegen\u00fcber anderen \u2013 die F\u00e4higkeiten des Teamkollegen n\u00fctzen und respektieren<\/li>\n<li>Konfliktsituationen l\u00f6sen lernen<\/li>\n<li>St\u00e4rkung des gegenseitigen Vertrauens<\/li>\n<li>Ein\u00fcben von Gespr\u00e4chskulturen und Umgangsformen \u2013 \u201eFeedbackkultur\u201c<\/li>\n<li>St\u00e4rkung der Eigenverantwortlichkeit<\/li>\n<li>klare Ziel- und Strategieplanung \u2013 Orientierung aller Teammitglieder auf ein gleiches Ziel<\/li>\n<\/ul>\n<p><strong>Methodik<\/strong><\/p>\n<ul>\n<li>kurze Theorieinputs<\/li>\n<li>Gruppenarbeiten &amp; Diskussionen<\/li>\n<li>Outdoor- Aktivit\u00e4ten<\/li>\n<li>erfahrungsorientierte \u00dcbungen zu unterschiedlichen Themen wie z.B. Vertrauen, Informationsweitergabe, Konflikte, Kommunikation<\/li>\n<li>Szenische Rollenspiele<\/li>\n<li>Feedback Gespr\u00e4che<\/li>\n<li>kurze Vortr\u00e4ge mit erarbeitenden Visualisierungen<\/li>\n<\/ul>\n<p><strong>Setting<\/strong><\/p>\n<ul>\n<li>1- 2 Tages Module jeweils 9:00 &#8211; 17:00<\/li>\n<li>Follow Ups jeweils 9:00 &#8211; 12:30 oder 9:00 &#8211; 17:00<\/li>\n<\/ul>\n<p>Zwischen den Modulen und einem Follow Up wird ein Zeitabstand von ca. 1- 2 Monaten empfohlen<\/p>\n<p>Je nach Themenstellung und Teamgr\u00f6\u00dfen arbeiten wir mit 1- 2 Trainern.<br \/>\nBegleitend unterst\u00fctzen wir oftmals optional auch die F\u00fchrungskraft in einem 1:1 Coaching.<\/p>\n<\/div><\/section><\/div>\n","protected":false},"excerpt":{"rendered":"","protected":false},"author":1,"featured_media":0,"parent":0,"menu_order":0,"comment_status":"closed","ping_status":"closed","template":"","meta":{"footnotes":""},"class_list":["post-115","page","type-page","status-publish","hentry"],"yoast_head":"<!-- This site is optimized with the Yoast SEO plugin v27.3 - https:\/\/yoast.com\/product\/yoast-seo-wordpress\/ -->\n<title>Teamentwicklung - Becker Medical Human Solutions<\/title>\n<meta name=\"robots\" content=\"index, follow, max-snippet:-1, max-image-preview:large, max-video-preview:-1\" \/>\n<link rel=\"canonical\" href=\"https:\/\/www.becker-medsolutions.eu\/med\/teamentwicklung\/\" \/>\n<meta property=\"og:locale\" content=\"de_DE\" \/>\n<meta property=\"og:type\" content=\"article\" \/>\n<meta property=\"og:title\" content=\"Teamentwicklung - Becker Medical Human Solutions\" \/>\n<meta property=\"og:url\" content=\"https:\/\/www.becker-medsolutions.eu\/med\/teamentwicklung\/\" \/>\n<meta property=\"og:site_name\" content=\"Becker Medical Human Solutions\" \/>\n<meta property=\"article:modified_time\" content=\"2026-03-03T17:24:14+00:00\" \/>\n<meta property=\"og:image\" content=\"http:\/\/www.becker-medsolutions.eu\/med\/wp-content\/uploads\/rangdynamik-raoul-schindler.jpg\" \/>\n<meta name=\"twitter:card\" content=\"summary_large_image\" \/>\n<meta name=\"twitter:label1\" content=\"Gesch\u00e4tzte Lesezeit\" \/>\n\t<meta name=\"twitter:data1\" content=\"4\u00a0Minuten\" \/>\n<script type=\"application\/ld+json\" class=\"yoast-schema-graph\">{\"@context\":\"https:\\\/\\\/schema.org\",\"@graph\":[{\"@type\":\"WebPage\",\"@id\":\"https:\\\/\\\/www.becker-medsolutions.eu\\\/med\\\/teamentwicklung\\\/\",\"url\":\"https:\\\/\\\/www.becker-medsolutions.eu\\\/med\\\/teamentwicklung\\\/\",\"name\":\"Teamentwicklung - Becker Medical Human Solutions\",\"isPartOf\":{\"@id\":\"https:\\\/\\\/www.becker-medsolutions.eu\\\/med\\\/#website\"},\"primaryImageOfPage\":{\"@id\":\"https:\\\/\\\/www.becker-medsolutions.eu\\\/med\\\/teamentwicklung\\\/#primaryimage\"},\"image\":{\"@id\":\"https:\\\/\\\/www.becker-medsolutions.eu\\\/med\\\/teamentwicklung\\\/#primaryimage\"},\"thumbnailUrl\":\"http:\\\/\\\/www.becker-medsolutions.eu\\\/med\\\/wp-content\\\/uploads\\\/rangdynamik-raoul-schindler.jpg\",\"datePublished\":\"2016-07-26T10:31:16+00:00\",\"dateModified\":\"2026-03-03T17:24:14+00:00\",\"breadcrumb\":{\"@id\":\"https:\\\/\\\/www.becker-medsolutions.eu\\\/med\\\/teamentwicklung\\\/#breadcrumb\"},\"inLanguage\":\"de\",\"potentialAction\":[{\"@type\":\"ReadAction\",\"target\":[\"https:\\\/\\\/www.becker-medsolutions.eu\\\/med\\\/teamentwicklung\\\/\"]}]},{\"@type\":\"ImageObject\",\"inLanguage\":\"de\",\"@id\":\"https:\\\/\\\/www.becker-medsolutions.eu\\\/med\\\/teamentwicklung\\\/#primaryimage\",\"url\":\"http:\\\/\\\/www.becker-medsolutions.eu\\\/med\\\/wp-content\\\/uploads\\\/rangdynamik-raoul-schindler.jpg\",\"contentUrl\":\"http:\\\/\\\/www.becker-medsolutions.eu\\\/med\\\/wp-content\\\/uploads\\\/rangdynamik-raoul-schindler.jpg\"},{\"@type\":\"BreadcrumbList\",\"@id\":\"https:\\\/\\\/www.becker-medsolutions.eu\\\/med\\\/teamentwicklung\\\/#breadcrumb\",\"itemListElement\":[{\"@type\":\"ListItem\",\"position\":1,\"name\":\"Startseite\",\"item\":\"https:\\\/\\\/www.becker-medsolutions.eu\\\/med\\\/home\\\/\"},{\"@type\":\"ListItem\",\"position\":2,\"name\":\"Teamentwicklung\"}]},{\"@type\":\"WebSite\",\"@id\":\"https:\\\/\\\/www.becker-medsolutions.eu\\\/med\\\/#website\",\"url\":\"https:\\\/\\\/www.becker-medsolutions.eu\\\/med\\\/\",\"name\":\"Becker Medical Human Solutions\",\"description\":\"Wir vermitteln europaweit medizinisches Personal &amp; bieten Training f\u00fcr Unternehmen und Mitarbeiter\",\"potentialAction\":[{\"@type\":\"SearchAction\",\"target\":{\"@type\":\"EntryPoint\",\"urlTemplate\":\"https:\\\/\\\/www.becker-medsolutions.eu\\\/med\\\/?s={search_term_string}\"},\"query-input\":{\"@type\":\"PropertyValueSpecification\",\"valueRequired\":true,\"valueName\":\"search_term_string\"}}],\"inLanguage\":\"de\"}]}<\/script>\n<!-- \/ Yoast SEO plugin. -->","yoast_head_json":{"title":"Teamentwicklung - Becker Medical Human Solutions","robots":{"index":"index","follow":"follow","max-snippet":"max-snippet:-1","max-image-preview":"max-image-preview:large","max-video-preview":"max-video-preview:-1"},"canonical":"https:\/\/www.becker-medsolutions.eu\/med\/teamentwicklung\/","og_locale":"de_DE","og_type":"article","og_title":"Teamentwicklung - Becker Medical Human Solutions","og_url":"https:\/\/www.becker-medsolutions.eu\/med\/teamentwicklung\/","og_site_name":"Becker Medical Human Solutions","article_modified_time":"2026-03-03T17:24:14+00:00","og_image":[{"url":"http:\/\/www.becker-medsolutions.eu\/med\/wp-content\/uploads\/rangdynamik-raoul-schindler.jpg","type":"","width":"","height":""}],"twitter_card":"summary_large_image","twitter_misc":{"Gesch\u00e4tzte Lesezeit":"4\u00a0Minuten"},"schema":{"@context":"https:\/\/schema.org","@graph":[{"@type":"WebPage","@id":"https:\/\/www.becker-medsolutions.eu\/med\/teamentwicklung\/","url":"https:\/\/www.becker-medsolutions.eu\/med\/teamentwicklung\/","name":"Teamentwicklung - Becker Medical Human Solutions","isPartOf":{"@id":"https:\/\/www.becker-medsolutions.eu\/med\/#website"},"primaryImageOfPage":{"@id":"https:\/\/www.becker-medsolutions.eu\/med\/teamentwicklung\/#primaryimage"},"image":{"@id":"https:\/\/www.becker-medsolutions.eu\/med\/teamentwicklung\/#primaryimage"},"thumbnailUrl":"http:\/\/www.becker-medsolutions.eu\/med\/wp-content\/uploads\/rangdynamik-raoul-schindler.jpg","datePublished":"2016-07-26T10:31:16+00:00","dateModified":"2026-03-03T17:24:14+00:00","breadcrumb":{"@id":"https:\/\/www.becker-medsolutions.eu\/med\/teamentwicklung\/#breadcrumb"},"inLanguage":"de","potentialAction":[{"@type":"ReadAction","target":["https:\/\/www.becker-medsolutions.eu\/med\/teamentwicklung\/"]}]},{"@type":"ImageObject","inLanguage":"de","@id":"https:\/\/www.becker-medsolutions.eu\/med\/teamentwicklung\/#primaryimage","url":"http:\/\/www.becker-medsolutions.eu\/med\/wp-content\/uploads\/rangdynamik-raoul-schindler.jpg","contentUrl":"http:\/\/www.becker-medsolutions.eu\/med\/wp-content\/uploads\/rangdynamik-raoul-schindler.jpg"},{"@type":"BreadcrumbList","@id":"https:\/\/www.becker-medsolutions.eu\/med\/teamentwicklung\/#breadcrumb","itemListElement":[{"@type":"ListItem","position":1,"name":"Startseite","item":"https:\/\/www.becker-medsolutions.eu\/med\/home\/"},{"@type":"ListItem","position":2,"name":"Teamentwicklung"}]},{"@type":"WebSite","@id":"https:\/\/www.becker-medsolutions.eu\/med\/#website","url":"https:\/\/www.becker-medsolutions.eu\/med\/","name":"Becker Medical Human Solutions","description":"Wir vermitteln europaweit medizinisches Personal &amp; bieten Training f\u00fcr Unternehmen und Mitarbeiter","potentialAction":[{"@type":"SearchAction","target":{"@type":"EntryPoint","urlTemplate":"https:\/\/www.becker-medsolutions.eu\/med\/?s={search_term_string}"},"query-input":{"@type":"PropertyValueSpecification","valueRequired":true,"valueName":"search_term_string"}}],"inLanguage":"de"}]}},"_links":{"self":[{"href":"https:\/\/www.becker-medsolutions.eu\/med\/wp-json\/wp\/v2\/pages\/115","targetHints":{"allow":["GET"]}}],"collection":[{"href":"https:\/\/www.becker-medsolutions.eu\/med\/wp-json\/wp\/v2\/pages"}],"about":[{"href":"https:\/\/www.becker-medsolutions.eu\/med\/wp-json\/wp\/v2\/types\/page"}],"author":[{"embeddable":true,"href":"https:\/\/www.becker-medsolutions.eu\/med\/wp-json\/wp\/v2\/users\/1"}],"replies":[{"embeddable":true,"href":"https:\/\/www.becker-medsolutions.eu\/med\/wp-json\/wp\/v2\/comments?post=115"}],"version-history":[{"count":5,"href":"https:\/\/www.becker-medsolutions.eu\/med\/wp-json\/wp\/v2\/pages\/115\/revisions"}],"predecessor-version":[{"id":2998,"href":"https:\/\/www.becker-medsolutions.eu\/med\/wp-json\/wp\/v2\/pages\/115\/revisions\/2998"}],"wp:attachment":[{"href":"https:\/\/www.becker-medsolutions.eu\/med\/wp-json\/wp\/v2\/media?parent=115"}],"curies":[{"name":"wp","href":"https:\/\/api.w.org\/{rel}","templated":true}]}}