{"id":156,"date":"2016-07-26T13:43:17","date_gmt":"2016-07-26T11:43:17","guid":{"rendered":"http:\/\/www.becker-medsolutions.eu\/med\/?page_id=156"},"modified":"2026-03-03T21:30:02","modified_gmt":"2026-03-03T20:30:02","slug":"wir-vermitteln","status":"publish","type":"page","link":"https:\/\/www.becker-medsolutions.eu\/med\/wir-vermitteln\/","title":{"rendered":"Wir vermitteln"},"content":{"rendered":"\n<style type=\"text\/css\" data-created_by=\"avia_inline_auto\" id=\"style-css-av-1ae218-11892033b3c0efa268dc758f441ff56e\">\n.avia-image-container.av-1ae218-11892033b3c0efa268dc758f441ff56e .av-image-caption-overlay-center{\ncolor:#ffffff;\n}\n<\/style>\n<div  class='avia-image-container av-1ae218-11892033b3c0efa268dc758f441ff56e av-styling-no-styling avia-align-center  avia-builder-el-0  el_before_av_hr  avia-builder-el-first '  itemprop=\"image\" itemscope=\"itemscope\" itemtype=\"https:\/\/schema.org\/ImageObject\" ><div class=\"avia-image-container-inner\"><div class=\"avia-image-overlay-wrap\"><img decoding=\"async\" class='wp-image-3028 avia-img-lazy-loading-not-3028 avia_image' src=\"https:\/\/www.becker-medsolutions.eu\/med\/wp-content\/uploads\/wir-vermitteln.jpg\" alt='' title='wir vermitteln'  height=\"430\" width=\"1500\"  itemprop=\"thumbnailUrl\" srcset=\"https:\/\/www.becker-medsolutions.eu\/med\/wp-content\/uploads\/wir-vermitteln.jpg 1500w, https:\/\/www.becker-medsolutions.eu\/med\/wp-content\/uploads\/wir-vermitteln-300x86.jpg 300w, https:\/\/www.becker-medsolutions.eu\/med\/wp-content\/uploads\/wir-vermitteln-1030x295.jpg 1030w, https:\/\/www.becker-medsolutions.eu\/med\/wp-content\/uploads\/wir-vermitteln-768x220.jpg 768w, https:\/\/www.becker-medsolutions.eu\/med\/wp-content\/uploads\/wir-vermitteln-705x202.jpg 705w, https:\/\/www.becker-medsolutions.eu\/med\/wp-content\/uploads\/wir-vermitteln-350x100.jpg 350w\" sizes=\"(max-width: 1500px) 100vw, 1500px\" \/><\/div><\/div><\/div>\n\n<style type=\"text\/css\" data-created_by=\"avia_inline_auto\" id=\"style-css-av-3up6c-2f2ee562af3cf29b61029de85f80516c\">\n#top .hr.hr-invisible.av-3up6c-2f2ee562af3cf29b61029de85f80516c{\nheight:50px;\n}\n<\/style>\n<div  class='hr av-3up6c-2f2ee562af3cf29b61029de85f80516c hr-invisible  avia-builder-el-1  el_after_av_image  el_before_av_one_third '><span class='hr-inner '><span class=\"hr-inner-style\"><\/span><\/span><\/div>\n\n<style type=\"text\/css\" data-created_by=\"avia_inline_auto\" id=\"style-css-av-z53bw-3ae69c01e90cb71cf9468fd8a5dab4d3\">\n.flex_column.av-z53bw-3ae69c01e90cb71cf9468fd8a5dab4d3{\nborder-radius:0px 0px 0px 0px;\n-webkit-border-radius:0px 0px 0px 0px;\n-moz-border-radius:0px 0px 0px 0px;\npadding:20px 20px 20px 20px;\nbackground-color:#f5f5f5;\n}\n<\/style>\n<div class='flex_column av-z53bw-3ae69c01e90cb71cf9468fd8a5dab4d3 av_one_third  avia-builder-el-2  el_after_av_hr  el_before_av_two_third  first flex_column_div '   ><section  class='av_textblock_section av-qp244-6b1efd809acae8ccfc2d32d1cbffb7b9'  itemscope=\"itemscope\" itemtype=\"https:\/\/schema.org\/CreativeWork\" ><div class='avia_textblock'  itemprop=\"text\" ><h2>Kontakt<\/h2>\n<p>F\u00fcr weitere Informationen stehe ich Ihnen sehr gerne zur Verf\u00fcgung.<\/p>\n<p><img loading=\"lazy\" decoding=\"async\" class=\"alignnone wp-image-312 size-large\" src=\"https:\/\/www.becker-medsolutions.eu\/med\/wp-content\/uploads\/Niki-Becker-1-f\u00fcr-Personalentwicklung-Kontakt-x-1024x739.jpg\" width=\"1024\" height=\"739\" srcset=\"https:\/\/www.becker-medsolutions.eu\/med\/wp-content\/uploads\/Niki-Becker-1-f\u00fcr-Personalentwicklung-Kontakt-x-1024x739.jpg 1024w, https:\/\/www.becker-medsolutions.eu\/med\/wp-content\/uploads\/Niki-Becker-1-f\u00fcr-Personalentwicklung-Kontakt-x-300x217.jpg 300w, https:\/\/www.becker-medsolutions.eu\/med\/wp-content\/uploads\/Niki-Becker-1-f\u00fcr-Personalentwicklung-Kontakt-x-768x555.jpg 768w, https:\/\/www.becker-medsolutions.eu\/med\/wp-content\/uploads\/Niki-Becker-1-f\u00fcr-Personalentwicklung-Kontakt-x-1500x1083.jpg 1500w, https:\/\/www.becker-medsolutions.eu\/med\/wp-content\/uploads\/Niki-Becker-1-f\u00fcr-Personalentwicklung-Kontakt-x-705x509.jpg 705w, https:\/\/www.becker-medsolutions.eu\/med\/wp-content\/uploads\/Niki-Becker-1-f\u00fcr-Personalentwicklung-Kontakt-x-450x325.jpg 450w\" sizes=\"auto, (max-width: 1024px) 100vw, 1024px\" \/><\/p>\n<p><strong>Nikolaus Becker, MSc<\/strong><\/p>\n<p>Telefon: <span class=\"ff2 cf3 fs22\">+43 (0)1-<wbr \/>96 60 210<\/span><br \/>\nMobil: +43 (0) 664 3868000<\/p>\n<div  class='avia-button-wrap avia-button-left  avia-builder-el-4  avia-builder-el-no-sibling ' ><a href='mailto:mailto:nbecker@becker-medsolutions.eu' class='avia-button av-lv5b8-b546592d00db83c8fdcf7592c729f5dd avia-icon_select-no avia-size-small avia-position-left avia-color-theme-color' target=\"_blank\" rel=\"noopener noreferrer\"><span class='avia_iconbox_title' >E-Mail<\/span><\/a><\/div>\n<\/div><\/section><\/div>\n\n<style type=\"text\/css\" data-created_by=\"avia_inline_auto\" id=\"style-css-av-f0dto-9b1f47766cadaae1c955521de2fcf07e\">\n.flex_column.av-f0dto-9b1f47766cadaae1c955521de2fcf07e{\nborder-radius:0px 0px 0px 0px;\n-webkit-border-radius:0px 0px 0px 0px;\n-moz-border-radius:0px 0px 0px 0px;\n}\n<\/style>\n<div class='flex_column av-f0dto-9b1f47766cadaae1c955521de2fcf07e av_two_third  avia-builder-el-5  el_after_av_one_third  avia-builder-el-last  flex_column_div av-zero-column-padding '   ><section  class='av_textblock_section av-85bj8-0ee85ea3c89f86710bcfde05f76dd114'  itemscope=\"itemscope\" itemtype=\"https:\/\/schema.org\/CreativeWork\" ><div class='avia_textblock'  itemprop=\"text\" ><h1>Unser Service richtet sich an Sie, wenn Sie in folgenden Bereichen beruflich t\u00e4tig sind<\/h1>\n<p><img loading=\"lazy\" decoding=\"async\" class=\"alignnone wp-image-364\" src=\"https:\/\/www.becker-medsolutions.eu\/med\/wp-content\/uploads\/bar_big.png\" alt=\"bar_big\" width=\"427\" height=\"142\" srcset=\"https:\/\/www.becker-medsolutions.eu\/med\/wp-content\/uploads\/bar_big.png 800w, https:\/\/www.becker-medsolutions.eu\/med\/wp-content\/uploads\/bar_big-300x100.png 300w, https:\/\/www.becker-medsolutions.eu\/med\/wp-content\/uploads\/bar_big-768x255.png 768w, https:\/\/www.becker-medsolutions.eu\/med\/wp-content\/uploads\/bar_big-705x234.png 705w, https:\/\/www.becker-medsolutions.eu\/med\/wp-content\/uploads\/bar_big-450x150.png 450w\" sizes=\"auto, (max-width: 427px) 100vw, 427px\" \/><\/p>\n<h2>Wir vermitteln folgende Bereiche von \u00c4rzte:<\/h2>\n<ul>\n<li>Sie sind bereits fertiger Facharzt \u00a0und streben eine l\u00e4ngerfristige Ver\u00e4nderung an.<\/li>\n<li>Sie wollen als Oberarzt, bzw. in einer leitenden Position in einem anderem Land, bzw.Spital arbeiten.<\/li>\n<li>Sie haben Ihr Medzinstudium beendet und m\u00f6chten ihren Turnus bzw. eine Facharztausbildung beginnen.<\/li>\n<li>Sie sind aus einem Land der Europ\u00e4ischen Union. Au\u00dferhalb der EU m\u00fcssten Sie bereits eine Nostrifikation f\u00fcr das gew\u00fcnschte Zielland mitbringen.<\/li>\n<\/ul>\n<h2>Vermittlung diplomierter Krankenschwestern:<\/h2>\n<ul>\n<li>Sie sind bereits in \u00d6sterreich oder in einem EU Staat fertig ausgebildete Krankenschwester und streben einen langfristigen Berufswechsel an.<\/li>\n<li>Sie streben eine Fixanstellung direkt in einem Spital an.<\/li>\n<\/ul>\n<h2>Fachpersonal f\u00fcr den privaten Gesundheitsbereich:<\/h2>\n<ul>\n<li>Sie arbeiten bereits als Fachkraft f\u00fcr den medizinischen \u00a0Bereich, z.B. als Diplomierter medizinisch- technischer Fachdienst (DMTF)<\/li>\n<li>Sie arbeiten als erfahrene Ordinationsassistentin und suchen ein neues Bet\u00e4tigungsfeld<\/li>\n<\/ul>\n<p>Wenn Sie aus nicht deutschsprachigen L\u00e4ndern kommen, sollten Sie idealerweise bereits gute, bzw. erste Deutschkenntnisse mitbringen. Andernfalls k\u00f6nnen Sie diese in den ersten Monaten vor Arbeitsbeginn noch gezielt verbessern und nachholen.<\/p>\n<\/div><\/section><\/div>\n","protected":false},"excerpt":{"rendered":"","protected":false},"author":1,"featured_media":0,"parent":0,"menu_order":0,"comment_status":"closed","ping_status":"closed","template":"","meta":{"footnotes":""},"class_list":["post-156","page","type-page","status-publish","hentry"],"yoast_head":"<!-- This site is optimized with the Yoast SEO plugin v27.3 - https:\/\/yoast.com\/product\/yoast-seo-wordpress\/ -->\n<title>Wir vermitteln - Becker Medical Human Solutions<\/title>\n<meta name=\"robots\" content=\"index, follow, max-snippet:-1, max-image-preview:large, max-video-preview:-1\" \/>\n<link rel=\"canonical\" href=\"https:\/\/www.becker-medsolutions.eu\/med\/wir-vermitteln\/\" \/>\n<meta property=\"og:locale\" content=\"de_DE\" \/>\n<meta property=\"og:type\" content=\"article\" \/>\n<meta property=\"og:title\" content=\"Wir vermitteln - Becker Medical Human Solutions\" \/>\n<meta property=\"og:url\" content=\"https:\/\/www.becker-medsolutions.eu\/med\/wir-vermitteln\/\" \/>\n<meta property=\"og:site_name\" content=\"Becker Medical Human Solutions\" \/>\n<meta property=\"article:modified_time\" content=\"2026-03-03T20:30:02+00:00\" \/>\n<meta property=\"og:image\" content=\"http:\/\/www.becker-medsolutions.eu\/med\/wp-content\/uploads\/bar_big.png\" \/>\n<meta name=\"twitter:card\" content=\"summary_large_image\" \/>\n<meta name=\"twitter:label1\" content=\"Gesch\u00e4tzte Lesezeit\" \/>\n\t<meta name=\"twitter:data1\" content=\"3\u00a0Minuten\" \/>\n<script type=\"application\/ld+json\" class=\"yoast-schema-graph\">{\"@context\":\"https:\\\/\\\/schema.org\",\"@graph\":[{\"@type\":\"WebPage\",\"@id\":\"https:\\\/\\\/www.becker-medsolutions.eu\\\/med\\\/wir-vermitteln\\\/\",\"url\":\"https:\\\/\\\/www.becker-medsolutions.eu\\\/med\\\/wir-vermitteln\\\/\",\"name\":\"Wir vermitteln - Becker Medical Human Solutions\",\"isPartOf\":{\"@id\":\"https:\\\/\\\/www.becker-medsolutions.eu\\\/med\\\/#website\"},\"primaryImageOfPage\":{\"@id\":\"https:\\\/\\\/www.becker-medsolutions.eu\\\/med\\\/wir-vermitteln\\\/#primaryimage\"},\"image\":{\"@id\":\"https:\\\/\\\/www.becker-medsolutions.eu\\\/med\\\/wir-vermitteln\\\/#primaryimage\"},\"thumbnailUrl\":\"http:\\\/\\\/www.becker-medsolutions.eu\\\/med\\\/wp-content\\\/uploads\\\/bar_big.png\",\"datePublished\":\"2016-07-26T11:43:17+00:00\",\"dateModified\":\"2026-03-03T20:30:02+00:00\",\"breadcrumb\":{\"@id\":\"https:\\\/\\\/www.becker-medsolutions.eu\\\/med\\\/wir-vermitteln\\\/#breadcrumb\"},\"inLanguage\":\"de\",\"potentialAction\":[{\"@type\":\"ReadAction\",\"target\":[\"https:\\\/\\\/www.becker-medsolutions.eu\\\/med\\\/wir-vermitteln\\\/\"]}]},{\"@type\":\"ImageObject\",\"inLanguage\":\"de\",\"@id\":\"https:\\\/\\\/www.becker-medsolutions.eu\\\/med\\\/wir-vermitteln\\\/#primaryimage\",\"url\":\"http:\\\/\\\/www.becker-medsolutions.eu\\\/med\\\/wp-content\\\/uploads\\\/bar_big.png\",\"contentUrl\":\"http:\\\/\\\/www.becker-medsolutions.eu\\\/med\\\/wp-content\\\/uploads\\\/bar_big.png\"},{\"@type\":\"BreadcrumbList\",\"@id\":\"https:\\\/\\\/www.becker-medsolutions.eu\\\/med\\\/wir-vermitteln\\\/#breadcrumb\",\"itemListElement\":[{\"@type\":\"ListItem\",\"position\":1,\"name\":\"Startseite\",\"item\":\"https:\\\/\\\/www.becker-medsolutions.eu\\\/med\\\/home\\\/\"},{\"@type\":\"ListItem\",\"position\":2,\"name\":\"Wir vermitteln\"}]},{\"@type\":\"WebSite\",\"@id\":\"https:\\\/\\\/www.becker-medsolutions.eu\\\/med\\\/#website\",\"url\":\"https:\\\/\\\/www.becker-medsolutions.eu\\\/med\\\/\",\"name\":\"Becker Medical Human Solutions\",\"description\":\"Wir vermitteln europaweit medizinisches Personal &amp; bieten Training f\u00fcr Unternehmen und Mitarbeiter\",\"potentialAction\":[{\"@type\":\"SearchAction\",\"target\":{\"@type\":\"EntryPoint\",\"urlTemplate\":\"https:\\\/\\\/www.becker-medsolutions.eu\\\/med\\\/?s={search_term_string}\"},\"query-input\":{\"@type\":\"PropertyValueSpecification\",\"valueRequired\":true,\"valueName\":\"search_term_string\"}}],\"inLanguage\":\"de\"}]}<\/script>\n<!-- \/ Yoast SEO plugin. -->","yoast_head_json":{"title":"Wir vermitteln - Becker Medical Human Solutions","robots":{"index":"index","follow":"follow","max-snippet":"max-snippet:-1","max-image-preview":"max-image-preview:large","max-video-preview":"max-video-preview:-1"},"canonical":"https:\/\/www.becker-medsolutions.eu\/med\/wir-vermitteln\/","og_locale":"de_DE","og_type":"article","og_title":"Wir vermitteln - Becker Medical Human Solutions","og_url":"https:\/\/www.becker-medsolutions.eu\/med\/wir-vermitteln\/","og_site_name":"Becker Medical Human Solutions","article_modified_time":"2026-03-03T20:30:02+00:00","og_image":[{"url":"http:\/\/www.becker-medsolutions.eu\/med\/wp-content\/uploads\/bar_big.png","type":"","width":"","height":""}],"twitter_card":"summary_large_image","twitter_misc":{"Gesch\u00e4tzte Lesezeit":"3\u00a0Minuten"},"schema":{"@context":"https:\/\/schema.org","@graph":[{"@type":"WebPage","@id":"https:\/\/www.becker-medsolutions.eu\/med\/wir-vermitteln\/","url":"https:\/\/www.becker-medsolutions.eu\/med\/wir-vermitteln\/","name":"Wir vermitteln - Becker Medical Human Solutions","isPartOf":{"@id":"https:\/\/www.becker-medsolutions.eu\/med\/#website"},"primaryImageOfPage":{"@id":"https:\/\/www.becker-medsolutions.eu\/med\/wir-vermitteln\/#primaryimage"},"image":{"@id":"https:\/\/www.becker-medsolutions.eu\/med\/wir-vermitteln\/#primaryimage"},"thumbnailUrl":"http:\/\/www.becker-medsolutions.eu\/med\/wp-content\/uploads\/bar_big.png","datePublished":"2016-07-26T11:43:17+00:00","dateModified":"2026-03-03T20:30:02+00:00","breadcrumb":{"@id":"https:\/\/www.becker-medsolutions.eu\/med\/wir-vermitteln\/#breadcrumb"},"inLanguage":"de","potentialAction":[{"@type":"ReadAction","target":["https:\/\/www.becker-medsolutions.eu\/med\/wir-vermitteln\/"]}]},{"@type":"ImageObject","inLanguage":"de","@id":"https:\/\/www.becker-medsolutions.eu\/med\/wir-vermitteln\/#primaryimage","url":"http:\/\/www.becker-medsolutions.eu\/med\/wp-content\/uploads\/bar_big.png","contentUrl":"http:\/\/www.becker-medsolutions.eu\/med\/wp-content\/uploads\/bar_big.png"},{"@type":"BreadcrumbList","@id":"https:\/\/www.becker-medsolutions.eu\/med\/wir-vermitteln\/#breadcrumb","itemListElement":[{"@type":"ListItem","position":1,"name":"Startseite","item":"https:\/\/www.becker-medsolutions.eu\/med\/home\/"},{"@type":"ListItem","position":2,"name":"Wir vermitteln"}]},{"@type":"WebSite","@id":"https:\/\/www.becker-medsolutions.eu\/med\/#website","url":"https:\/\/www.becker-medsolutions.eu\/med\/","name":"Becker Medical Human Solutions","description":"Wir vermitteln europaweit medizinisches Personal &amp; bieten Training f\u00fcr Unternehmen und Mitarbeiter","potentialAction":[{"@type":"SearchAction","target":{"@type":"EntryPoint","urlTemplate":"https:\/\/www.becker-medsolutions.eu\/med\/?s={search_term_string}"},"query-input":{"@type":"PropertyValueSpecification","valueRequired":true,"valueName":"search_term_string"}}],"inLanguage":"de"}]}},"_links":{"self":[{"href":"https:\/\/www.becker-medsolutions.eu\/med\/wp-json\/wp\/v2\/pages\/156","targetHints":{"allow":["GET"]}}],"collection":[{"href":"https:\/\/www.becker-medsolutions.eu\/med\/wp-json\/wp\/v2\/pages"}],"about":[{"href":"https:\/\/www.becker-medsolutions.eu\/med\/wp-json\/wp\/v2\/types\/page"}],"author":[{"embeddable":true,"href":"https:\/\/www.becker-medsolutions.eu\/med\/wp-json\/wp\/v2\/users\/1"}],"replies":[{"embeddable":true,"href":"https:\/\/www.becker-medsolutions.eu\/med\/wp-json\/wp\/v2\/comments?post=156"}],"version-history":[{"count":5,"href":"https:\/\/www.becker-medsolutions.eu\/med\/wp-json\/wp\/v2\/pages\/156\/revisions"}],"predecessor-version":[{"id":3027,"href":"https:\/\/www.becker-medsolutions.eu\/med\/wp-json\/wp\/v2\/pages\/156\/revisions\/3027"}],"wp:attachment":[{"href":"https:\/\/www.becker-medsolutions.eu\/med\/wp-json\/wp\/v2\/media?parent=156"}],"curies":[{"name":"wp","href":"https:\/\/api.w.org\/{rel}","templated":true}]}}