{"id":209,"date":"2016-07-26T16:02:53","date_gmt":"2016-07-26T14:02:53","guid":{"rendered":"http:\/\/www.becker-medsolutions.eu\/med\/?page_id=209"},"modified":"2026-02-27T22:03:47","modified_gmt":"2026-02-27T21:03:47","slug":"ueber-uns","status":"publish","type":"page","link":"https:\/\/www.becker-medsolutions.eu\/med\/ueber-uns\/","title":{"rendered":"\u00dcber uns"},"content":{"rendered":"\n\n<style type=\"text\/css\" data-created_by=\"avia_inline_auto\" id=\"style-css-av-1jmvk1-db1e0dd716578f8882373a6cf8f75cd6\">\n#top .hr.hr-invisible.av-1jmvk1-db1e0dd716578f8882373a6cf8f75cd6{\nheight:50px;\n}\n<\/style>\n<div  class='hr av-1jmvk1-db1e0dd716578f8882373a6cf8f75cd6 hr-invisible  avia-builder-el-1  el_after_av_image  el_before_av_one_full '><span class='hr-inner '><span class=\"hr-inner-style\"><\/span><\/span><\/div>\n\n<style type=\"text\/css\" data-created_by=\"avia_inline_auto\" id=\"style-css-av-50uyp-4ee62433484a0b46300de7f7e47e8a74\">\n.flex_column.av-50uyp-4ee62433484a0b46300de7f7e47e8a74{\nborder-radius:0px 0px 0px 0px;\n-webkit-border-radius:0px 0px 0px 0px;\n-moz-border-radius:0px 0px 0px 0px;\n}\n<\/style>\n<div class='flex_column av-50uyp-4ee62433484a0b46300de7f7e47e8a74 av_one_full  avia-builder-el-2  el_after_av_hr  el_before_av_two_fifth  first flex_column_div av-zero-column-padding '   ><section  class='av_textblock_section av-17oxxl-9d6f3a98a0f61dacaf8fe8b7cee6c463'  itemscope=\"itemscope\" itemtype=\"https:\/\/schema.org\/CreativeWork\" ><div class='avia_textblock'  itemprop=\"text\" ><div id=\"imCellStyle_2\">\n<div id=\"imTextObject_2_tab0\" class=\"text-tab-content\">\n<div class=\"text-inner\">\n<h1><span class=\"ff1 cf3 fs28\">\u00dcber uns: Das Kernteam stellt sich vor<\/span><span class=\"fs22 ff1 cf3\"><b><br \/>\n<\/b><\/span><\/h1>\n<p>Als Unternehmen haben wir uns auf die nationale und europ\u00e4ische Vermittlung von Mitarbeitern f\u00fcr Spit\u00e4ler und private Gesundheitseinrichtungen spezialisiert. Durch unsere nationale und direkte \u201eVor Ort Pr\u00e4senz\u201c in zahlreichen europ\u00e4ischen L\u00e4ndern, unsere\u00a0\u00a0 Serviceleistungen und unser Know-how, erm\u00f6glichen wir eine z\u00fcgige Zusammenf\u00fchrung von Kandidaten und suchenden Unternehmen.<\/p>\n<p>Parallel zur Vermittlung der besten Mitarbeiter, legen wir auch einen Fokus auf die Organisationsentwicklung. Speziell in Bereichen wie Teamentwicklungen, Begleitung von Change Prozessen und F\u00fchrungskr\u00e4fteentwicklung, bringen wir lang\u00e4hrige Erfahrung im Gesundheitsbereich mit ein.<\/p>\n<\/div>\n<\/div>\n<\/div>\n<\/div><\/section><\/div>\n\n<style type=\"text\/css\" data-created_by=\"avia_inline_auto\" id=\"style-css-av-3ttkx-d2633a42e109a9e56c1365a8ff2634d2\">\n.flex_column.av-3ttkx-d2633a42e109a9e56c1365a8ff2634d2{\nborder-radius:0px 0px 0px 0px;\n-webkit-border-radius:0px 0px 0px 0px;\n-moz-border-radius:0px 0px 0px 0px;\npadding:20px 20px 20px 20px;\nbackground-color:#f5f5f5;\n}\n<\/style>\n<div class='flex_column av-3ttkx-d2633a42e109a9e56c1365a8ff2634d2 av_two_fifth  avia-builder-el-4  el_after_av_one_full  el_before_av_one_full  first flex_column_div column-top-margin'   ><section  class='av_textblock_section av-ymvi9-4a488b3b2167d7eaddfaa80ad35dbb33'  itemscope=\"itemscope\" itemtype=\"https:\/\/schema.org\/CreativeWork\" ><div class='avia_textblock'  itemprop=\"text\" ><h1><span class=\"ff3 fs22 cf3\"><img loading=\"lazy\" decoding=\"async\" class=\"alignnone wp-image-300 size-medium\" src=\"https:\/\/www.becker-medsolutions.eu\/med\/wp-content\/uploads\/beckercontact-215x300.jpg\" width=\"215\" height=\"300\" srcset=\"https:\/\/www.becker-medsolutions.eu\/med\/wp-content\/uploads\/beckercontact-215x300.jpg 215w, https:\/\/www.becker-medsolutions.eu\/med\/wp-content\/uploads\/beckercontact-768x1074.jpg 768w, https:\/\/www.becker-medsolutions.eu\/med\/wp-content\/uploads\/beckercontact-732x1024.jpg 732w, https:\/\/www.becker-medsolutions.eu\/med\/wp-content\/uploads\/beckercontact-504x705.jpg 504w, https:\/\/www.becker-medsolutions.eu\/med\/wp-content\/uploads\/beckercontact-450x629.jpg 450w, https:\/\/www.becker-medsolutions.eu\/med\/wp-content\/uploads\/beckercontact.jpg 1067w\" sizes=\"auto, (max-width: 215px) 100vw, 215px\" \/><\/span><\/h1>\n<h2><span class=\"ff3 fs22 cf3\">Nikolaus Becker, MSc<\/span><\/h2>\n<p><span class=\"cf3 fs22 ff3\">mobile phone: +43 (0) 664-<wbr \/>3868000<br \/>\nphone: +43(<\/span><span class=\"ff2 cf3 fs22\">0<\/span><span class=\"ff3 cf3 fs22\">) 1-<wbr \/>9660210<br \/>\nmail: <a class=\"imCssLink\" href=\"mailto:nbecker@becker-medsolutions.eu?subject=&amp;body=\">nbecker@<span class=\"ff2\">becker-<wbr \/>medsolutions<\/span><span class=\"ff3\">.eu<\/span><\/a><\/span><\/p>\n<p><span class=\"ff3 cf3 fs22\"><a class=\"imCssLink\" href=\"http:\/\/www.becker-medsolutions.eu\/files\/Profil-Nbecker-0613-12.bmp\"><br \/>\nKurzprofil zu Nikolaus Becker<\/a><\/span><span class=\"ff2 cf3 fs22\"><br \/>\n<\/span><\/p>\n<h2><span class=\"ff3 fs22 cf3\">Aufgabenbereiche<b>:<\/b><br \/>\n<\/span><\/h2>\n<ul>\n<li><span class=\"fs22 ff3 cf3\">Betreuung des \u00f6sterreichischen, deutschen und des schweizer Marktes<\/span><\/li>\n<li><span class=\"ff3 cf3 fs22\">L\u00e4nderbetreuung vor Ort in der Slowakei, Tschechien, Ungarn, <\/span><span class=\"ff2 cf3 fs22\">Slowenien,<\/span><span class=\"ff3 cf3 fs22\">Polen, Rum\u00e4nien<\/span><\/li>\n<li><span class=\"ff2 cf3 fs22\">Medical Development<\/span><span class=\"fs20 cf0 ff4\"><br \/>\n<\/span><\/li>\n<\/ul>\n<\/div><\/section><\/div>\n\n<style type=\"text\/css\" data-created_by=\"avia_inline_auto\" id=\"style-css-av-hjncx-35480d0df8a5dd6e5a223ae996b7c401\">\n.flex_column.av-hjncx-35480d0df8a5dd6e5a223ae996b7c401{\nborder-radius:0px 0px 0px 0px;\n-webkit-border-radius:0px 0px 0px 0px;\n-moz-border-radius:0px 0px 0px 0px;\n}\n<\/style>\n<div class='flex_column av-hjncx-35480d0df8a5dd6e5a223ae996b7c401 av_one_full  avia-builder-el-6  el_after_av_two_fifth  avia-builder-el-last  first flex_column_div av-zero-column-padding '   ><section  class='av_textblock_section av-btsv5-521e990af9a60b36fcf7a34411ea6f2a'  itemscope=\"itemscope\" itemtype=\"https:\/\/schema.org\/CreativeWork\" ><div class='avia_textblock'  itemprop=\"text\" ><div id=\"imCellStyle_2\">\n<div id=\"imTextObject_2_tab0\" class=\"text-tab-content\">\n<div class=\"text-inner\">\n<p>Unterst\u00fctzend arbeitet ein mehrk\u00f6pfiges Team im Medical Recruitment direkt in folgenden Kernl\u00e4ndern:<\/p>\n<ul>\n<li>\u00d6sterreich<\/li>\n<li>Slowakei<\/li>\n<li>Tschechien<\/li>\n<li>Slowenien<\/li>\n<li>Kroatien<\/li>\n<li>Bulgarien<\/li>\n<li>Ungarn<\/li>\n<li>Rum\u00e4nien<\/li>\n<li>Deutschland<\/li>\n<\/ul>\n<\/div>\n<\/div>\n<\/div>\n<\/div><\/section><\/div>\n","protected":false},"excerpt":{"rendered":"","protected":false},"author":1,"featured_media":0,"parent":0,"menu_order":0,"comment_status":"closed","ping_status":"closed","template":"","meta":{"footnotes":""},"class_list":["post-209","page","type-page","status-publish","hentry"],"yoast_head":"<!-- This site is optimized with the Yoast SEO plugin v27.3 - https:\/\/yoast.com\/product\/yoast-seo-wordpress\/ -->\n<title>\u00dcber uns - Becker Medical Human Solutions<\/title>\n<meta name=\"robots\" content=\"index, follow, max-snippet:-1, max-image-preview:large, max-video-preview:-1\" \/>\n<link rel=\"canonical\" href=\"https:\/\/www.becker-medsolutions.eu\/med\/ueber-uns\/\" \/>\n<meta property=\"og:locale\" content=\"de_DE\" \/>\n<meta property=\"og:type\" content=\"article\" \/>\n<meta property=\"og:title\" content=\"\u00dcber uns - Becker Medical Human Solutions\" \/>\n<meta property=\"og:url\" content=\"https:\/\/www.becker-medsolutions.eu\/med\/ueber-uns\/\" \/>\n<meta property=\"og:site_name\" content=\"Becker Medical Human Solutions\" \/>\n<meta property=\"article:modified_time\" content=\"2026-02-27T21:03:47+00:00\" \/>\n<meta property=\"og:image\" content=\"http:\/\/www.becker-medsolutions.eu\/med\/wp-content\/uploads\/beckercontact-215x300.jpg\" \/>\n<meta name=\"twitter:card\" content=\"summary_large_image\" \/>\n<meta name=\"twitter:label1\" content=\"Gesch\u00e4tzte Lesezeit\" \/>\n\t<meta name=\"twitter:data1\" content=\"2\u00a0Minuten\" \/>\n<script type=\"application\/ld+json\" class=\"yoast-schema-graph\">{\"@context\":\"https:\\\/\\\/schema.org\",\"@graph\":[{\"@type\":\"WebPage\",\"@id\":\"https:\\\/\\\/www.becker-medsolutions.eu\\\/med\\\/ueber-uns\\\/\",\"url\":\"https:\\\/\\\/www.becker-medsolutions.eu\\\/med\\\/ueber-uns\\\/\",\"name\":\"\u00dcber uns - Becker Medical Human Solutions\",\"isPartOf\":{\"@id\":\"https:\\\/\\\/www.becker-medsolutions.eu\\\/med\\\/#website\"},\"primaryImageOfPage\":{\"@id\":\"https:\\\/\\\/www.becker-medsolutions.eu\\\/med\\\/ueber-uns\\\/#primaryimage\"},\"image\":{\"@id\":\"https:\\\/\\\/www.becker-medsolutions.eu\\\/med\\\/ueber-uns\\\/#primaryimage\"},\"thumbnailUrl\":\"http:\\\/\\\/www.becker-medsolutions.eu\\\/med\\\/wp-content\\\/uploads\\\/beckercontact-215x300.jpg\",\"datePublished\":\"2016-07-26T14:02:53+00:00\",\"dateModified\":\"2026-02-27T21:03:47+00:00\",\"breadcrumb\":{\"@id\":\"https:\\\/\\\/www.becker-medsolutions.eu\\\/med\\\/ueber-uns\\\/#breadcrumb\"},\"inLanguage\":\"de\",\"potentialAction\":[{\"@type\":\"ReadAction\",\"target\":[\"https:\\\/\\\/www.becker-medsolutions.eu\\\/med\\\/ueber-uns\\\/\"]}]},{\"@type\":\"ImageObject\",\"inLanguage\":\"de\",\"@id\":\"https:\\\/\\\/www.becker-medsolutions.eu\\\/med\\\/ueber-uns\\\/#primaryimage\",\"url\":\"http:\\\/\\\/www.becker-medsolutions.eu\\\/med\\\/wp-content\\\/uploads\\\/beckercontact-215x300.jpg\",\"contentUrl\":\"http:\\\/\\\/www.becker-medsolutions.eu\\\/med\\\/wp-content\\\/uploads\\\/beckercontact-215x300.jpg\"},{\"@type\":\"BreadcrumbList\",\"@id\":\"https:\\\/\\\/www.becker-medsolutions.eu\\\/med\\\/ueber-uns\\\/#breadcrumb\",\"itemListElement\":[{\"@type\":\"ListItem\",\"position\":1,\"name\":\"Startseite\",\"item\":\"https:\\\/\\\/www.becker-medsolutions.eu\\\/med\\\/home\\\/\"},{\"@type\":\"ListItem\",\"position\":2,\"name\":\"\u00dcber uns\"}]},{\"@type\":\"WebSite\",\"@id\":\"https:\\\/\\\/www.becker-medsolutions.eu\\\/med\\\/#website\",\"url\":\"https:\\\/\\\/www.becker-medsolutions.eu\\\/med\\\/\",\"name\":\"Becker Medical Human Solutions\",\"description\":\"Wir vermitteln europaweit medizinisches Personal &amp; bieten Training f\u00fcr Unternehmen und Mitarbeiter\",\"potentialAction\":[{\"@type\":\"SearchAction\",\"target\":{\"@type\":\"EntryPoint\",\"urlTemplate\":\"https:\\\/\\\/www.becker-medsolutions.eu\\\/med\\\/?s={search_term_string}\"},\"query-input\":{\"@type\":\"PropertyValueSpecification\",\"valueRequired\":true,\"valueName\":\"search_term_string\"}}],\"inLanguage\":\"de\"}]}<\/script>\n<!-- \/ Yoast SEO plugin. -->","yoast_head_json":{"title":"\u00dcber uns - Becker Medical Human Solutions","robots":{"index":"index","follow":"follow","max-snippet":"max-snippet:-1","max-image-preview":"max-image-preview:large","max-video-preview":"max-video-preview:-1"},"canonical":"https:\/\/www.becker-medsolutions.eu\/med\/ueber-uns\/","og_locale":"de_DE","og_type":"article","og_title":"\u00dcber uns - Becker Medical Human Solutions","og_url":"https:\/\/www.becker-medsolutions.eu\/med\/ueber-uns\/","og_site_name":"Becker Medical Human Solutions","article_modified_time":"2026-02-27T21:03:47+00:00","og_image":[{"url":"http:\/\/www.becker-medsolutions.eu\/med\/wp-content\/uploads\/beckercontact-215x300.jpg","type":"","width":"","height":""}],"twitter_card":"summary_large_image","twitter_misc":{"Gesch\u00e4tzte Lesezeit":"2\u00a0Minuten"},"schema":{"@context":"https:\/\/schema.org","@graph":[{"@type":"WebPage","@id":"https:\/\/www.becker-medsolutions.eu\/med\/ueber-uns\/","url":"https:\/\/www.becker-medsolutions.eu\/med\/ueber-uns\/","name":"\u00dcber uns - Becker Medical Human Solutions","isPartOf":{"@id":"https:\/\/www.becker-medsolutions.eu\/med\/#website"},"primaryImageOfPage":{"@id":"https:\/\/www.becker-medsolutions.eu\/med\/ueber-uns\/#primaryimage"},"image":{"@id":"https:\/\/www.becker-medsolutions.eu\/med\/ueber-uns\/#primaryimage"},"thumbnailUrl":"http:\/\/www.becker-medsolutions.eu\/med\/wp-content\/uploads\/beckercontact-215x300.jpg","datePublished":"2016-07-26T14:02:53+00:00","dateModified":"2026-02-27T21:03:47+00:00","breadcrumb":{"@id":"https:\/\/www.becker-medsolutions.eu\/med\/ueber-uns\/#breadcrumb"},"inLanguage":"de","potentialAction":[{"@type":"ReadAction","target":["https:\/\/www.becker-medsolutions.eu\/med\/ueber-uns\/"]}]},{"@type":"ImageObject","inLanguage":"de","@id":"https:\/\/www.becker-medsolutions.eu\/med\/ueber-uns\/#primaryimage","url":"http:\/\/www.becker-medsolutions.eu\/med\/wp-content\/uploads\/beckercontact-215x300.jpg","contentUrl":"http:\/\/www.becker-medsolutions.eu\/med\/wp-content\/uploads\/beckercontact-215x300.jpg"},{"@type":"BreadcrumbList","@id":"https:\/\/www.becker-medsolutions.eu\/med\/ueber-uns\/#breadcrumb","itemListElement":[{"@type":"ListItem","position":1,"name":"Startseite","item":"https:\/\/www.becker-medsolutions.eu\/med\/home\/"},{"@type":"ListItem","position":2,"name":"\u00dcber uns"}]},{"@type":"WebSite","@id":"https:\/\/www.becker-medsolutions.eu\/med\/#website","url":"https:\/\/www.becker-medsolutions.eu\/med\/","name":"Becker Medical Human Solutions","description":"Wir vermitteln europaweit medizinisches Personal &amp; bieten Training f\u00fcr Unternehmen und Mitarbeiter","potentialAction":[{"@type":"SearchAction","target":{"@type":"EntryPoint","urlTemplate":"https:\/\/www.becker-medsolutions.eu\/med\/?s={search_term_string}"},"query-input":{"@type":"PropertyValueSpecification","valueRequired":true,"valueName":"search_term_string"}}],"inLanguage":"de"}]}},"_links":{"self":[{"href":"https:\/\/www.becker-medsolutions.eu\/med\/wp-json\/wp\/v2\/pages\/209","targetHints":{"allow":["GET"]}}],"collection":[{"href":"https:\/\/www.becker-medsolutions.eu\/med\/wp-json\/wp\/v2\/pages"}],"about":[{"href":"https:\/\/www.becker-medsolutions.eu\/med\/wp-json\/wp\/v2\/types\/page"}],"author":[{"embeddable":true,"href":"https:\/\/www.becker-medsolutions.eu\/med\/wp-json\/wp\/v2\/users\/1"}],"replies":[{"embeddable":true,"href":"https:\/\/www.becker-medsolutions.eu\/med\/wp-json\/wp\/v2\/comments?post=209"}],"version-history":[{"count":5,"href":"https:\/\/www.becker-medsolutions.eu\/med\/wp-json\/wp\/v2\/pages\/209\/revisions"}],"predecessor-version":[{"id":298,"href":"https:\/\/www.becker-medsolutions.eu\/med\/wp-json\/wp\/v2\/pages\/209\/revisions\/298"}],"wp:attachment":[{"href":"https:\/\/www.becker-medsolutions.eu\/med\/wp-json\/wp\/v2\/media?parent=209"}],"curies":[{"name":"wp","href":"https:\/\/api.w.org\/{rel}","templated":true}]}}